y is divided by 20.
17
Let l be 6/33 + (-1346)/22. Suppose 0 = -3*f + 5 + 76. What is the remainder when l/(-9) + 6/f is divided by 4?
3
Let g be 20/(-8)*18/(-5). Let q = g - 7. Calculate the remainder when 7 is divided by q.
1
Suppose 3*u - 3*r = u - 9, 0 = 2*u + r + 13. Let s(j) = -3*j - 1. Calculate the remainder when s(u) is divided by 6.
5
Suppose 0 = 3*k + 2 - 20. Suppose -3 - k = -b. Calculate the remainder when 25 is divided by b.
7
Let w be 1 + 10 - (0 - 1). Let k be (3/(-2))/((-9)/w). What is the remainder when (-2)/(-4)*(48 + k) is divided by 13?
12
Let j(a) = -a**2 - 3*a - 1. Let c(d) = -d - 7. Let b be c(-7). Suppose 2*g - 2 = -b*g. What is the remainder when g is divided by j(-2)?
0
Calculate the remainder when 3*(-12)/(-54) - (-16)/3 is divided by 3.
0
What is the remainder when 41 is divided by 9/6 + (-203)/(-14)?
9
Let f(s) = -s**2 + 9*s + 6. Let z be f(7). Suppose -3*d + 8*d - 45 = 0. Calculate the remainder when z/2*(-5)/(-2) is divided by d.
7
What is the remainder when 3/(-2)*(-580)/15 is divided by 15?
13
Let a(l) = l**3 + 7*l**2 + l + 7. Let z(u) = 1 - 3*u + 0*u - u. What is the remainder when a(-6) is divided by z(-3)?
11
Suppose -10 = c - 3*c, -4*c = -4*t + 48. Calculate the remainder when 47 is divided by t.
13
Let d = 5 - 1. Suppose -10*v + 5*v + 55 = 0. Calculate the remainder when v is divided by d.
3
Suppose 2*b = -b + 9. Let m = 2 + 0. Suppose m*c - 9 = 5. Calculate the remainder when c is divided by b.
1
Let m = 40 + -26. What is the remainder when m is divided by 8?
6
Suppose -2*n + 0*j = -2*j - 14, n + 5*j = 31. Let l = -6 + n. Calculate the remainder when 37 is divided by (-2)/1 + (20 - l).
11
Let l(m) = 2*m**2 - 4. Suppose 7*n + 1 = -6. Calculate the remainder when (n/(-3))/((-12)/(-1476)) is divided by l(3).
13
Let h = 8 + -10. Calculate the remainder when h/8 + (-141)/(-4) is divided by 19.
16
What is the remainder when 17 is divided by (0 + 3 - 1)/((-2)/(-4))?
1
Calculate the remainder when 54 is divided by (-2 + (-60)/(-2))*1/2.
12
Let u = 19 + -16. Calculate the remainder when 24 is divided by u.
0
Let y = -10 + 17. Let u(p) = -p**3 - p**2 + p + 1. Let r(v) = 5*v**3 + 12*v**2 - 5. Let t(b) = -r(b) - 6*u(b). What is the remainder when t(y) is divided by 4?
2
Suppose b - 2*g - 8 = 0, 2*g - 4*g = -3*b + 12. Suppose -4*z + 44 = -b*z. Let k = 38 + -26. Calculate the remainder when z is divided by k.
10
Suppose 10 = 3*z - 5*z. Let i(y) = y**2 + y + 10. What is the remainder when i(z) is divided by 8?
6
Let n(w) = 12*w - 2. Let s(c) = c**3 - 20*c**2 + c + 4. What is the remainder when n(6) is divided by s(20)?
22
Suppose 5*i + 0 = -45. Let a = 12 - i. What is the remainder when 10*(-2 + a/6) is divided by 9?
6
Let c(z) = -z**2 - 10*z + 7. Let g(h) = -h + 1. Let q(d) = -c(d) + 5*g(d). Calculate the remainder when 65 is divided by q(3).
21
Let n(h) = 2*h - 2*h**3 - 4*h**3 + h**2 + 1 - 3*h**3 - 2*h**3. What is the remainder when 20 is divided by n(-1)?
9
Suppose 3*n + q - 26 = 0, 5*q - 8 = -2*n + 18. Suppose -3*y + 25 = -n. Suppose -y = -2*d + d. Calculate the remainder when d is divided by 6.
5
Suppose 3*f = -2*f + 20, -5*r = -f - 86. Suppose -5*m + m = 4. What is the remainder when r is divided by (-1 - 10)*-1 + m?
8
Suppose -4*u + 67 = 11. Let n(o) = 4*o - 4. Suppose 0 = 2*x - 5*t - 11, 8 = 3*x + 3*t + 2. Calculate the remainder when u is divided by n(x).
6
Suppose -c + 0*c = 2*r - 137, -5*r + 2*c + 320 = 0. Suppose -3*a = -v + 8, -7*a = -2*v - 4*a + 25. Calculate the remainder when r is divided by v.
15
Suppose -9 = 2*o - 0*d - 5*d, 0 = -2*o + 2*d - 6. Let i = 28 - o. What is the remainder when i is divided by 11?
8
Let g = -67 - -107. Suppose 5*w + 0*w - 70 = 0. Calculate the remainder when g is divided by w.
12
Suppose 37 = f + 7. What is the remainder when 238 is divided by f?
28
Suppose 0 = n + m + 4, 0 = -2*n + 3*n - m - 4. Suppose 0 = -0*k - 2*k + 3*p + 28, n = -p + 4. What is the remainder when k is divided by 7?
6
Let j = -12 - -5. Let b = -1 - j. Suppose 5*o - 2*i = 85, 2*o - 2*i - 37 = -3. What is the remainder when o is divided by b?
5
Let f(b) = -b**2 - 4*b - 2. Suppose -2*n + 5*g = 3*g + 4, 9 = -2*n - 3*g. Let x be f(n). Suppose 19 = 5*c - x. Calculate the remainder when 5 is divided by c.
1
Suppose 2*u + 3 = 5. Suppose -4*l + 5 = 1. Calculate the remainder when u is divided by l.
0
Suppose 3*c = 7*c + 4. What is the remainder when 17 is divided by (27/(-18))/(c/6)?
8
Suppose 0 = -11*i + 4*i + 21. Suppose -3*c - 1 = -3*f + 29, 5*c = -i*f + 54. Calculate the remainder when 36 is divided by f.
10
Suppose 0 = 19*t - 23*t + 160. Calculate the remainder when 78 is divided by t.
38
Let i be 10/4 - (-1)/(-2). Suppose 3*c + 5*w - 8 = 34, 28 = 2*c - i*w. Calculate the remainder when c is divided by 4.
2
Suppose -4*s = -3*f - 208 + 83, 2*f + 25 = s. Suppose -12*t + 7*t = -s. Calculate the remainder when t is divided by 2.
1
Let b = -10 + 19. Calculate the remainder when 16 is divided by b.
7
What is the remainder when 79 is divided by ((-4)/(-12))/((-3)/(-144))?
15
Let a be (0 - 2)/(-2) + 7. Let k = -1 + a. What is the remainder when k is divided by 3?
1
Let p(u) = u**3 + 4*u**2 - 5*u - 2. What is the remainder when 69 is divided by p(-4)?
15
Let k = 11 + -4. What is the remainder when k is divided by 2?
1
Calculate the remainder when (-4)/(-10) - (-138)/5 is divided by 15.
13
Let n = -1 + 5. Suppose -4*z + 140 = 4*o, 0*z - 3*z + o + 93 = 0. Suppose -2*b - 5*v = 2*b - z, 20 = 5*v. What is the remainder when n is divided by b?
1
Suppose 90 = 5*z - k, 0 = -2*z - 5*k + 73 - 10. Calculate the remainder when 111 is divided by z.
16
What is the remainder when 13 is divided by 6 - (3 - -2 - 3)?
1
Let b(s) = 16*s**2 + 4 - 10*s**2 - 5. What is the remainder when b(2) is divided by 13?
10
Let c(v) = 9*v**2 + 2*v + 1. Let b = 8 - 9. Calculate the remainder when 31 is divided by c(b).
7
Suppose t - 4*t + 366 = 0. Suppose 3*m = -3*r + 52 + 35, -2*m + t = 4*r. Calculate the remainder when r is divided by 0 + -1*(-13 + 2).
10
Suppose -15 = -4*z + 41. What is the remainder when 24 is divided by z?
10
Let t(f) = -f**3 + 6*f**2 + 6*f - 7. Calculate the remainder when t(6) is divided by 15.
14
Let k = -12 + 14. What is the remainder when 48 is divided by (-18)/(-2) + -1 + k?
8
What is the remainder when 106 is divided by (-1)/((-78)/(-81) + -1)?
25
Let l = -7 - -9. Calculate the remainder when l is divided by 1.
0
Let c = 18 - -12. Calculate the remainder when c is divided by 11.
8
Let z = 64 - 29. What is the remainder when z is divided by 9?
8
Let k = 6 - -5. Let s be 32/6*(0 + 3). Calculate the remainder when s/20*105/2 is divided by k.
9
Let g(q) = -2*q**3 + 4*q + 1. Suppose -3*m + 6*m = 0. Let x(t) = -t**3 + 11. Calculate the remainder when g(-3) is divided by x(m).
10
Let s = 5 + -3. Suppose 8 = 2*n, t - 2*n + s = 7. What is the remainder when 25 is divided by t?
12
Suppose -5*m = -8*m + 93. What is the remainder when m is divided by 6?
1
Suppose 0 = -16*v + 14*v + 8. Calculate the remainder when 15 is divided by v.
3
Let w = 25 - 6. Calculate the remainder when w is divided by 10.
9
Let f be -1 - -1 - (-4)/2. Let u be f - 1 - (-34 + 1). What is the remainder when 11 is divided by (-6)/(-27) - u/(-9)?
3
Let t be ((-26)/(-8))/((-2)/8). Let p = t - 5. Let z = 10 - p. What is the remainder when z is divided by 10?
8
Suppose -4*q - q + 122 = 4*s, -s + 24 = q. Calculate the remainder when 49 is divided by q.
23
Let i = -67 - -97. Calculate the remainder when 207 is divided by i.
27
Suppose 417 = 4*i + 37. Let o = i + -34. Calculate the remainder when o is divided by 16.
13
Let a(i) = 5*i**2 + 4. What is the remainder when a(-3) is divided by 26?
23
Let z(h) = -h. Let f(g) = 16*g + 4. Let o(r) = f(r) + 12*z(r). Let s be o(-3). Let y = -1 - s. What is the remainder when 12 is divided by y?
5
Let c = 28 - 15. What is the remainder when 64 is divided by c?
12
Suppose -2*u - 34 = -3*l, 0 = -l - 2*u - 7 + 29. What is the remainder when 80 is divided by l?
10
Let l = 10 - 6. What is the remainder when (30/(-6))/(3/(-12)) is divided by 4*(-1 + 15/l)?
9
Let h(u) = u**3 + 17*u**2 - 21*u + 7. What is the remainder when h(-18) is divided by 16?
13
Let a(f) = -6*f + 2. Let r be a(-3). Let n = r + -15. What is the remainder when 7 i